{"id":86,"date":"2025-07-02T10:57:26","date_gmt":"2025-07-02T10:57:26","guid":{"rendered":"https:\/\/gascommerce.id\/produk\/aluminum-plant\/"},"modified":"2025-07-03T16:14:21","modified_gmt":"2025-07-03T09:14:21","slug":"pokemon-go-game","status":"publish","type":"product","link":"https:\/\/gascommerce.id\/?product=pokemon-go-game","title":{"rendered":"Pokemon-Go-Game"},"content":{"rendered":"<p data-start=\"153\" data-end=\"429\"><strong data-start=\"153\" data-end=\"167\">Pok\u00e9mon GO<\/strong> adalah game augmented reality (AR) berbasis lokasi yang dikembangkan oleh Niantic, bekerja sama dengan Nintendo dan The Pok\u00e9mon Company. Dirilis pertama kali pada tahun 2016, game ini membawa dunia Pok\u00e9mon ke dunia nyata melalui teknologi GPS dan kamera ponsel.<\/p>\n<p data-start=\"431\" data-end=\"794\">Dalam <strong data-start=\"437\" data-end=\"451\">Pok\u00e9mon GO<\/strong>, pemain berperan sebagai pelatih Pok\u00e9mon yang menjelajahi lingkungan sekitar untuk menangkap berbagai jenis Pok\u00e9mon yang tersebar di lokasi dunia nyata. Pemain dapat berjalan kaki untuk menemukan dan menangkap Pok\u00e9mon, mengunjungi <strong data-start=\"683\" data-end=\"695\">Pok\u00e9Stop<\/strong> untuk mendapatkan item, serta bertarung di <strong data-start=\"739\" data-end=\"746\">Gym<\/strong> untuk meningkatkan level dan menguasai wilayah.<\/p>\n","protected":false},"excerpt":{"rendered":"<p>alah satu daya tarik utama game ini adalah interaksi sosial dan aktivitas luar ruangan. Pok\u00e9mon GO mendorong pemain untuk aktif bergerak, mengeksplorasi tempat-tempat baru, dan berpartisipasi dalam event komunitas seperti <strong data-start=\"1019\" data-end=\"1036\">Community Day<\/strong> dan <strong data-start=\"1041\" data-end=\"1056\">Raid Battle<\/strong> yang melibatkan kerja sama antar pemain.<\/p>\n","protected":false},"featured_media":1855,"comment_status":"open","ping_status":"closed","template":"","meta":{"site-sidebar-layout":"default","site-content-layout":"default","ast-site-content-layout":"default","site-content-style":"default","site-sidebar-style":"default","ast-global-header-display":"","ast-banner-title-visibility":"","ast-main-header-display":"","ast-hfb-above-header-display":"","ast-hfb-below-header-display":"","ast-hfb-mobile-header-display":"","site-post-title":"","ast-breadcrumbs-content":"","ast-featured-img":"","footer-sml-layout":"","ast-disable-related-posts":"","theme-transparent-header-meta":"default","adv-header-id-meta":"","stick-header-meta":"","header-above-stick-meta":"","header-main-stick-meta":"","header-below-stick-meta":"","astra-migrate-meta-layouts":"set","ast-page-background-enabled":"default","ast-page-background-meta":{"desktop":{"background-color":"","background-image":"","background-repeat":"repeat","background-position":"center center","background-size":"auto","background-attachment":"scroll","background-type":"","background-media":"","overlay-type":"","overlay-color":"","overlay-opacity":"","overlay-gradient":""},"tablet":{"background-color":"","background-image":"","background-repeat":"repeat","background-position":"center center","background-size":"auto","background-attachment":"scroll","background-type":"","background-media":"","overlay-type":"","overlay-color":"","overlay-opacity":"","overlay-gradient":""},"mobile":{"background-color":"","background-image":"","background-repeat":"repeat","background-position":"center center","background-size":"auto","background-attachment":"scroll","background-type":"","background-media":"","overlay-type":"","overlay-color":"","overlay-opacity":"","overlay-gradient":""}},"ast-content-background-meta":{"desktop":{"background-color":"var(--ast-global-color-5)","background-image":"","background-repeat":"repeat","background-position":"center center","background-size":"auto","background-attachment":"scroll","background-type":"","background-media":"","overlay-type":"","overlay-color":"","overlay-opacity":"","overlay-gradient":""},"tablet":{"background-color":"var(--ast-global-color-5)","background-image":"","background-repeat":"repeat","background-position":"center center","background-size":"auto","background-attachment":"scroll","background-type":"","background-media":"","overlay-type":"","overlay-color":"","overlay-opacity":"","overlay-gradient":""},"mobile":{"background-color":"var(--ast-global-color-5)","background-image":"","background-repeat":"repeat","background-position":"center center","background-size":"auto","background-attachment":"scroll","background-type":"","background-media":"","overlay-type":"","overlay-color":"","overlay-opacity":"","overlay-gradient":""}}},"product_brand":[],"product_cat":[26],"product_tag":[],"class_list":{"0":"post-86","1":"product","2":"type-product","3":"status-publish","4":"has-post-thumbnail","6":"product_cat-game","7":"desktop-align-left","8":"tablet-align-left","9":"mobile-align-left","11":"first","12":"instock","13":"downloadable","14":"virtual","15":"purchasable","16":"product-type-simple"},"_links":{"self":[{"href":"https:\/\/gascommerce.id\/index.php?rest_route=\/wp\/v2\/product\/86","targetHints":{"allow":["GET"]}}],"collection":[{"href":"https:\/\/gascommerce.id\/index.php?rest_route=\/wp\/v2\/product"}],"about":[{"href":"https:\/\/gascommerce.id\/index.php?rest_route=\/wp\/v2\/types\/product"}],"replies":[{"embeddable":true,"href":"https:\/\/gascommerce.id\/index.php?rest_route=%2Fwp%2Fv2%2Fcomments&post=86"}],"wp:featuredmedia":[{"embeddable":true,"href":"https:\/\/gascommerce.id\/index.php?rest_route=\/wp\/v2\/media\/1855"}],"wp:attachment":[{"href":"https:\/\/gascommerce.id\/index.php?rest_route=%2Fwp%2Fv2%2Fmedia&parent=86"}],"wp:term":[{"taxonomy":"product_brand","embeddable":true,"href":"https:\/\/gascommerce.id\/index.php?rest_route=%2Fwp%2Fv2%2Fproduct_brand&post=86"},{"taxonomy":"product_cat","embeddable":true,"href":"https:\/\/gascommerce.id\/index.php?rest_route=%2Fwp%2Fv2%2Fproduct_cat&post=86"},{"taxonomy":"product_tag","embeddable":true,"href":"https:\/\/gascommerce.id\/index.php?rest_route=%2Fwp%2Fv2%2Fproduct_tag&post=86"}],"curies":[{"name":"wp","href":"https:\/\/api.w.org\/{rel}","templated":true}]}}